{"id":886,"date":"2019-09-05T11:25:19","date_gmt":"2019-09-05T14:25:19","guid":{"rendered":"https:\/\/campus.misericordiarosario.edu.ar\/sitio\/talleres-nivel-inicial\/"},"modified":"2022-10-03T18:52:35","modified_gmt":"2022-10-03T21:52:35","slug":"talleres-nivel-inicial","status":"publish","type":"page","link":"https:\/\/campus.misericordiarosario.edu.ar\/sitio\/talleres-nivel-inicial\/","title":{"rendered":"Propuestas de Nivel Inicial"},"content":{"rendered":"<p><strong><em>INICIAMOS EL CAMINO DE LA FE<\/em><\/strong><\/p>\n<p>\u00a0 La infancia es un momento decisivo para la educaci\u00f3n y el crecimiento en la fe. A partir del Bautismo y con el acompa\u00f1amiento familiar y escolar, los ni\u00f1os y ni\u00f1as van incorpor\u00e1ndose a la vida de la Iglesia conociendo la Sagrada Familia, inici\u00e1ndose en el silencio y la oraci\u00f3n.<\/p>\n<p>\u00a0 Desde salita de 2 a\u00f1os, comenzamos juntos el camino en el que los peque\u00f1os conocer\u00e1n m\u00e1s profundamente a Jes\u00fas y lo integrar\u00e1n a su vida con canciones, s\u00edmbolos y sencillos gestos. Es una edad privilegiada para iniciarlos, ya que desde su sencillez e inocencia est\u00e1n siempre abiertos al amor de Dios, de su hijo Jes\u00fas y de la Virgen Mar\u00eda.<\/p>\n<p>\u00a0 \u00a0Conocemos la obra creadora de Dios y nos comprometemos a cuidarla, admirarla y valorarla. Crecemos como hermanos ya que todos somos hijos de un mismo Padre abriendo nuestro coraz\u00f3n al pr\u00f3jimo. Conocemos a Jes\u00fas y su amor infinito. Jes\u00fas es nuestro amigo, siempre estar\u00e1 cerca para amarnos, guiarnos y ayudarnos. \u00c9l nos ense\u00f1a e ilumina el camino del Amor, la Fraternidad y el Perd\u00f3n.<\/p>\n<p>\u00a0 En cada encuentro prendemos una velita, hacemos silencio y hablamos individualmente con Dios. \u00a0Luego todos juntos agradecemos y pedimos por nuestra familia, por el colegio, por el amor del mundo, por nuestros alimentos y por todos los necesitados. Con canciones y moviendo nuestro cuerpo celebramos, con alegr\u00eda, ser Hijos de Dios.<\/p>\n<h4 style=\"text-align: center;\"><strong><span style=\"color: #0000ff;\"><em>Iniciarlos en el camino de la vida cristiana <\/em><\/span><\/strong><br \/><strong><span style=\"color: #0000ff;\"><em>y en la construcci\u00f3n de ciudadanos libres, responsables, <\/em><\/span><\/strong><br \/><strong><span style=\"color: #0000ff;\"><em>creativos y con pensamiento cr\u00edtico y reflexivo<\/em><\/span><\/strong><br \/><strong><span style=\"color: #0000ff;\"><em>para crecer en plenitud.<\/em><\/span><\/strong><\/h4>\n<p style=\"text-align: center;\"><img decoding=\"async\" loading=\"lazy\" class=\"alignnone  wp-image-1310\" src=\"https:\/\/campus.misericordiarosario.edu.ar\/sitio\/wp-content\/uploads\/2022\/08\/20210512_101152-1000x750.jpg\" alt=\"\" width=\"342\" height=\"256\" srcset=\"https:\/\/campus.misericordiarosario.edu.ar\/sitio\/wp-content\/uploads\/2022\/08\/20210512_101152-1000x750.jpg 1000w, https:\/\/campus.misericordiarosario.edu.ar\/sitio\/wp-content\/uploads\/2022\/08\/20210512_101152-1900x1425.jpg 1900w, https:\/\/campus.misericordiarosario.edu.ar\/sitio\/wp-content\/uploads\/2022\/08\/20210512_101152-768x576.jpg 768w, https:\/\/campus.misericordiarosario.edu.ar\/sitio\/wp-content\/uploads\/2022\/08\/20210512_101152-1536x1152.jpg 1536w, https:\/\/campus.misericordiarosario.edu.ar\/sitio\/wp-content\/uploads\/2022\/08\/20210512_101152-2048x1536.jpg 2048w\" sizes=\"(max-width: 342px) 100vw, 342px\" \/> <img decoding=\"async\" loading=\"lazy\" class=\"alignnone  wp-image-1312\" src=\"https:\/\/campus.misericordiarosario.edu.ar\/sitio\/wp-content\/uploads\/2022\/08\/20210512_101142-1-1000x750.jpg\" alt=\"\" width=\"339\" height=\"255\" srcset=\"https:\/\/campus.misericordiarosario.edu.ar\/sitio\/wp-content\/uploads\/2022\/08\/20210512_101142-1-1000x750.jpg 1000w, https:\/\/campus.misericordiarosario.edu.ar\/sitio\/wp-content\/uploads\/2022\/08\/20210512_101142-1-1900x1425.jpg 1900w, https:\/\/campus.misericordiarosario.edu.ar\/sitio\/wp-content\/uploads\/2022\/08\/20210512_101142-1-768x576.jpg 768w, https:\/\/campus.misericordiarosario.edu.ar\/sitio\/wp-content\/uploads\/2022\/08\/20210512_101142-1-1536x1152.jpg 1536w, https:\/\/campus.misericordiarosario.edu.ar\/sitio\/wp-content\/uploads\/2022\/08\/20210512_101142-1-2048x1536.jpg 2048w\" sizes=\"(max-width: 339px) 100vw, 339px\" \/>\u00a0<\/p>\n<p><em><strong>GABINETE DE ORIENTACI\u00d3N<\/strong><\/em><\/p>\n<p>\u00a0 A cargo de personal especializado en fonoaudiolog\u00eda y psicolog\u00eda asesora sobre las caracter\u00edsticas y conductas propias del ni\u00f1o, sobre las problem\u00e1ticas del aprendizaje en orden al desarrollo del pensamiento e ilumina el abordaje de dificultades puntuales.<\/p>\n<p>\u00a0 Eval\u00faa el proceso de adquisici\u00f3n del lenguaje oral (Nivel Inicial) y escrito (Primer Grado). \u00a0\u00a0\u00a0Conduce el trayecto de integraci\u00f3n escolar de ni\u00f1os con necesidades educativas especiales. Inicia el proceso de orientaci\u00f3n vocacional (Nivel Secundario) y trabaja en el desarrollo de habilidades sociales.<\/p>\n<p>\u00a0 Atiende las consultas de los padres y especialistas externos.<\/p>\n<p>\u00a0<\/p>\n<p><strong><em>HABLEMOS INGL\u00c9S EN NIVEL INICIAL<\/em><\/strong><\/p>\n<p>\u00a0 El aprendizaje de una lengua extranjera favorece el desarrollo social, cultural y cognitivo de los ni\u00f1os porque fomenta el respeto a las diferencias, mejora la capacidad de interrelacionarse, les permite tomar conciencia de su proceso de aprendizaje, potencia la memoria y el pensamiento l\u00f3gico verbal.<\/p>\n<p>\u00a0 La ense\u00f1anza del Ingl\u00e9s en el Nivel Inicial se realiza a partir de juegos, rondas, canciones, presentaciones de t\u00edteres, cuentos sencillos, v\u00eddeos, entre otros. \u00a0Es \u00a0en esta etapa en la que incorporan con m\u00e1s facilidad fonemas, vocabulario y estructuras gramaticales.<\/p>\n<p>\u00a0 Nuestros objetivos a esta edad es que los alumnos comiencen a familiarizarse con la lengua extranjera a trav\u00e9s del \u00a0juego, repitan y reproduzcan oralmente estructuras ling\u00fc\u00edsticas y sencillos mensajes, se inicien en el reconocimiento del vocabulario y expresiones que est\u00e9n relacionadas con su realidad m\u00e1s cercana e inmediata y que manifiesten una actitud de respeto hacia las otras lenguas y culturas, apreciando formas distintas de codificar la comunicaci\u00f3n y de organizar las relaciones interpersonales.<\/p>\n<p><strong><em>EDUCACI\u00d3N EMOCIONAL: \u201cAS\u00cd ES MI CORAZ\u00d3N\u201d<\/em><\/strong><\/p>\n<p>\u00a0 El concepto de inteligencia emocional,\u00a0 hace referencia a una habilidad cognitiva capaz de percibir, conocer y regular las emociones, propias y ajenas, as\u00ed como sus interrelaciones con los pensamientos y las conductas.<\/p>\n<p>\u00a0 Hoy en d\u00eda la educaci\u00f3n no puede limitarse a transmitir conocimientos y destrezas, sino que debe centrarse en el desarrollo integral de la persona, en sus sentimientos y valores. Cada vez somos m\u00e1s conscientes de trabajar las emociones desde temprana edad. Manejar las emociones permite el crecimiento de la confianza en uno mismo, saberse capaz de poder hacer, aprender de los\u00a0 errores, formar una buena autoestima, poder resolver problemas y los desaf\u00edos diarios, ser una persona asertiva, desarrollar una buena comunicaci\u00f3n y habilidades sociales.<\/p>\n<p>\u00a0 Hoy invitamos a los ni\u00f1os a hablar de c\u00f3mo se sienten, de sus reacciones\u2026los estimulamos a contar sus miedos para superarlos.<\/p>\n<p><strong>PROYECTO INSTITUCIONAL DE EDUCACI\u00d3N SEXUAL INTEGRAL<\/strong><\/p>\n<p>\u00a0 La Educaci\u00f3n Sexual como contenido transversal\u00a0 atraviesa las diferentes \u00e1reas e impregna de significado y de actitud los diferentes conceptos y procedimientos. Al ser un trabajo integrador se conjugan saberes que permitir\u00e1n al educando asumir su propia historia, cultura y ser persona m\u00e1s plenamente, porque compromete a la familia y a los docentes en la educaci\u00f3n de la ni\u00f1ez y la adolescencia.<\/p>\n<p>\u00a0 Nuestra Instituci\u00f3n tiene como objetivo acompa\u00f1ar y educar a los alumnos integralmente para que se realicen como personas desde las dimensiones cultural, social, \u00e9tica y espiritual, iluminados por el Evangelio, descubriendo y vivenciando los valores de la vida: libertad, bien com\u00fan, verdad, paz, solidaridad, tolerancia, igualdad y justicia.<\/p>\n<p><em><strong>PROYECTO ESCENARIOS L\u00daDICOS<\/strong><\/em><\/p>\n<p>\u00a0 Fue pensado para proponer a los ni\u00f1os la resoluci\u00f3n de variadas situaciones identificadas con el mundo real. El ambiente para su desarrollo debe ser adecuado, confiable, ordenado y motivador, donde la creatividad y la imaginaci\u00f3n sean protagonistas.<\/p>\n<p><img decoding=\"async\" loading=\"lazy\" class=\"wp-image-1307 alignleft\" src=\"https:\/\/campus.misericordiarosario.edu.ar\/sitio\/wp-content\/uploads\/2022\/08\/P1130706-1000x563.jpg\" alt=\"\" width=\"474\" height=\"267\" srcset=\"https:\/\/campus.misericordiarosario.edu.ar\/sitio\/wp-content\/uploads\/2022\/08\/P1130706-1000x563.jpg 1000w, https:\/\/campus.misericordiarosario.edu.ar\/sitio\/wp-content\/uploads\/2022\/08\/P1130706-1900x1069.jpg 1900w, https:\/\/campus.misericordiarosario.edu.ar\/sitio\/wp-content\/uploads\/2022\/08\/P1130706-768x432.jpg 768w, https:\/\/campus.misericordiarosario.edu.ar\/sitio\/wp-content\/uploads\/2022\/08\/P1130706-1536x864.jpg 1536w, https:\/\/campus.misericordiarosario.edu.ar\/sitio\/wp-content\/uploads\/2022\/08\/P1130706-2048x1152.jpg 2048w\" sizes=\"(max-width: 474px) 100vw, 474px\" \/> <img decoding=\"async\" loading=\"lazy\" class=\"wp-image-1474 alignleft\" src=\"https:\/\/campus.misericordiarosario.edu.ar\/sitio\/wp-content\/uploads\/2022\/10\/cuenta-cuento-11-1000x563.jpg\" alt=\"\" width=\"468\" height=\"263\" srcset=\"https:\/\/campus.misericordiarosario.edu.ar\/sitio\/wp-content\/uploads\/2022\/10\/cuenta-cuento-11-1000x563.jpg 1000w, https:\/\/campus.misericordiarosario.edu.ar\/sitio\/wp-content\/uploads\/2022\/10\/cuenta-cuento-11-1900x1069.jpg 1900w, https:\/\/campus.misericordiarosario.edu.ar\/sitio\/wp-content\/uploads\/2022\/10\/cuenta-cuento-11-768x432.jpg 768w, https:\/\/campus.misericordiarosario.edu.ar\/sitio\/wp-content\/uploads\/2022\/10\/cuenta-cuento-11-1536x864.jpg 1536w, https:\/\/campus.misericordiarosario.edu.ar\/sitio\/wp-content\/uploads\/2022\/10\/cuenta-cuento-11-2048x1152.jpg 2048w\" sizes=\"(max-width: 468px) 100vw, 468px\" \/><\/p>\n<p>\u00a0<\/p>\n<p>\u00a0<\/p>\n<p>\u00a0<\/p>\n<p>\u00a0<\/p>\n<p>\u00a0<\/p>\n<p>\u00a0<\/p>\n<p><img decoding=\"async\" loading=\"lazy\" class=\"wp-image-1475 aligncenter\" src=\"https:\/\/campus.misericordiarosario.edu.ar\/sitio\/wp-content\/uploads\/2022\/10\/cuenta-cuento2-1000x563.jpg\" alt=\"\" width=\"530\" height=\"298\" srcset=\"https:\/\/campus.misericordiarosario.edu.ar\/sitio\/wp-content\/uploads\/2022\/10\/cuenta-cuento2-1000x563.jpg 1000w, https:\/\/campus.misericordiarosario.edu.ar\/sitio\/wp-content\/uploads\/2022\/10\/cuenta-cuento2-1900x1069.jpg 1900w, https:\/\/campus.misericordiarosario.edu.ar\/sitio\/wp-content\/uploads\/2022\/10\/cuenta-cuento2-768x432.jpg 768w, https:\/\/campus.misericordiarosario.edu.ar\/sitio\/wp-content\/uploads\/2022\/10\/cuenta-cuento2-1536x864.jpg 1536w, https:\/\/campus.misericordiarosario.edu.ar\/sitio\/wp-content\/uploads\/2022\/10\/cuenta-cuento2-2048x1152.jpg 2048w\" sizes=\"(max-width: 530px) 100vw, 530px\" \/><img decoding=\"async\" loading=\"lazy\" class=\"alignnone  wp-image-1301\" src=\"https:\/\/campus.misericordiarosario.edu.ar\/sitio\/wp-content\/uploads\/2022\/08\/IMG-20220810-WA0009-562x1000.jpg\" alt=\"\" width=\"266\" height=\"473\" srcset=\"https:\/\/campus.misericordiarosario.edu.ar\/sitio\/wp-content\/uploads\/2022\/08\/IMG-20220810-WA0009-562x1000.jpg 562w, https:\/\/campus.misericordiarosario.edu.ar\/sitio\/wp-content\/uploads\/2022\/08\/IMG-20220810-WA0009-768x1366.jpg 768w, https:\/\/campus.misericordiarosario.edu.ar\/sitio\/wp-content\/uploads\/2022\/08\/IMG-20220810-WA0009-864x1536.jpg 864w, https:\/\/campus.misericordiarosario.edu.ar\/sitio\/wp-content\/uploads\/2022\/08\/IMG-20220810-WA0009.jpg 899w\" sizes=\"(max-width: 266px) 100vw, 266px\" \/>\u00a0 \u00a0 \u00a0 \u00a0 \u00a0 \u00a0 \u00a0 \u00a0 \u00a0 \u00a0 \u00a0 <img decoding=\"async\" loading=\"lazy\" class=\"alignnone  wp-image-1304\" src=\"https:\/\/campus.misericordiarosario.edu.ar\/sitio\/wp-content\/uploads\/2022\/08\/JARDIN-CS.-NATURALES-563x1000.jpg\" alt=\"\" width=\"265\" height=\"471\" srcset=\"https:\/\/campus.misericordiarosario.edu.ar\/sitio\/wp-content\/uploads\/2022\/08\/JARDIN-CS.-NATURALES-563x1000.jpg 563w, https:\/\/campus.misericordiarosario.edu.ar\/sitio\/wp-content\/uploads\/2022\/08\/JARDIN-CS.-NATURALES.jpg 581w\" sizes=\"(max-width: 265px) 100vw, 265px\" \/>\u00a0 \u00a0 \u00a0 \u00a0 \u00a0 \u00a0 \u00a0 \u00a0 \u00a0 \u00a0 \u00a0 <img decoding=\"async\" loading=\"lazy\" class=\"alignnone  wp-image-1303\" src=\"https:\/\/campus.misericordiarosario.edu.ar\/sitio\/wp-content\/uploads\/2022\/08\/IMG-20220810-WA0018-copia-copia-562x1000.jpg\" alt=\"\" width=\"264\" height=\"470\" srcset=\"https:\/\/campus.misericordiarosario.edu.ar\/sitio\/wp-content\/uploads\/2022\/08\/IMG-20220810-WA0018-copia-copia-562x1000.jpg 562w, https:\/\/campus.misericordiarosario.edu.ar\/sitio\/wp-content\/uploads\/2022\/08\/IMG-20220810-WA0018-copia-copia-768x1366.jpg 768w, https:\/\/campus.misericordiarosario.edu.ar\/sitio\/wp-content\/uploads\/2022\/08\/IMG-20220810-WA0018-copia-copia-864x1536.jpg 864w, https:\/\/campus.misericordiarosario.edu.ar\/sitio\/wp-content\/uploads\/2022\/08\/IMG-20220810-WA0018-copia-copia.jpg 899w\" sizes=\"(max-width: 264px) 100vw, 264px\" \/><\/p>\n<p>\u00a0<\/p>\n<p>\u00a0 Propone un aprendizaje significativo, que favorezca el desarrollo de la autonom\u00eda y responsabilidad, un aprendizaje cooperativo, activo- donde el ni\u00f1o produce- y un aprendizaje social y emocional.<\/p>\n<p>\u00a0<\/p>\n<p><strong><em>LA VIDA AL AIRE LIBRE<\/em><\/strong><\/p>\n<p>\u00a0 La vida en la naturaleza y al aire libre significa experimentar y valorar la Creaci\u00f3n de Dios y como hijos de \u00c9l, libres, \u00fanicos e irrepetibles, somos parte de este maravilloso escenario. Por ello, es fundamental desarrollar en los alumnos el conocimiento del entorno natural desde lo perceptivo, vivenci\u00e1ndolo a trav\u00e9s de los sentidos, conect\u00e1ndose con la madre tierra y desde lo afectivo, \u00a0para formar seres sensibles que sean capaces de cuidarla, respetarla y protegerla.<\/p>\n<p>\u00a0 <img decoding=\"async\" loading=\"lazy\" class=\"wp-image-1292 alignright\" src=\"https:\/\/campus.misericordiarosario.edu.ar\/sitio\/wp-content\/uploads\/2022\/08\/IMG_20190515_113621644_HDR-750x1000.jpg\" alt=\"\" width=\"168\" height=\"224\" srcset=\"https:\/\/campus.misericordiarosario.edu.ar\/sitio\/wp-content\/uploads\/2022\/08\/IMG_20190515_113621644_HDR-750x1000.jpg 750w, https:\/\/campus.misericordiarosario.edu.ar\/sitio\/wp-content\/uploads\/2022\/08\/IMG_20190515_113621644_HDR-1425x1900.jpg 1425w, https:\/\/campus.misericordiarosario.edu.ar\/sitio\/wp-content\/uploads\/2022\/08\/IMG_20190515_113621644_HDR-768x1024.jpg 768w, https:\/\/campus.misericordiarosario.edu.ar\/sitio\/wp-content\/uploads\/2022\/08\/IMG_20190515_113621644_HDR-1152x1536.jpg 1152w, https:\/\/campus.misericordiarosario.edu.ar\/sitio\/wp-content\/uploads\/2022\/08\/IMG_20190515_113621644_HDR-1536x2048.jpg 1536w, https:\/\/campus.misericordiarosario.edu.ar\/sitio\/wp-content\/uploads\/2022\/08\/IMG_20190515_113621644_HDR-scaled.jpg 1920w\" sizes=\"(max-width: 168px) 100vw, 168px\" \/><\/p>\n<p>\u00a0 En el ambiente natural podemos encontrar colores, formas, olores, texturas y cambios notorios durante las cuatro estaciones del a\u00f1o. La propuesta es estimular los sentidos de los ni\u00f1os, observando, oliendo, escuchando, tocando, explorando los diferentes elementos de la naturaleza, como hojas, ramas, troncos, semillas e invitarlos a maravillarse con los colores de una mariposa, el aroma de una flor, el canto de los p\u00e1jaros, a disfrutar y agradecer un d\u00eda de sol como as\u00ed tambi\u00e9n, \u00a0un d\u00eda de lluvia.<\/p>\n<p>\u00a0<\/p>\n<p><img decoding=\"async\" loading=\"lazy\" class=\"wp-image-1296\" src=\"https:\/\/campus.misericordiarosario.edu.ar\/sitio\/wp-content\/uploads\/2022\/08\/IMG_20190920_101300-1000x750.jpg\" alt=\"\" width=\"329\" height=\"247\" srcset=\"https:\/\/campus.misericordiarosario.edu.ar\/sitio\/wp-content\/uploads\/2022\/08\/IMG_20190920_101300-1000x750.jpg 1000w, https:\/\/campus.misericordiarosario.edu.ar\/sitio\/wp-content\/uploads\/2022\/08\/IMG_20190920_101300-1900x1425.jpg 1900w, https:\/\/campus.misericordiarosario.edu.ar\/sitio\/wp-content\/uploads\/2022\/08\/IMG_20190920_101300-768x576.jpg 768w, https:\/\/campus.misericordiarosario.edu.ar\/sitio\/wp-content\/uploads\/2022\/08\/IMG_20190920_101300-1536x1152.jpg 1536w, https:\/\/campus.misericordiarosario.edu.ar\/sitio\/wp-content\/uploads\/2022\/08\/IMG_20190920_101300-2048x1536.jpg 2048w\" sizes=\"(max-width: 329px) 100vw, 329px\" \/><img decoding=\"async\" loading=\"lazy\" class=\"alignnone  wp-image-1294\" src=\"https:\/\/campus.misericordiarosario.edu.ar\/sitio\/wp-content\/uploads\/2022\/08\/IMG_20190702_094253832-1000x750.jpg\" alt=\"\" width=\"328\" height=\"246\" srcset=\"https:\/\/campus.misericordiarosario.edu.ar\/sitio\/wp-content\/uploads\/2022\/08\/IMG_20190702_094253832-1000x750.jpg 1000w, https:\/\/campus.misericordiarosario.edu.ar\/sitio\/wp-content\/uploads\/2022\/08\/IMG_20190702_094253832-1900x1425.jpg 1900w, https:\/\/campus.misericordiarosario.edu.ar\/sitio\/wp-content\/uploads\/2022\/08\/IMG_20190702_094253832-768x576.jpg 768w, https:\/\/campus.misericordiarosario.edu.ar\/sitio\/wp-content\/uploads\/2022\/08\/IMG_20190702_094253832-1536x1152.jpg 1536w, https:\/\/campus.misericordiarosario.edu.ar\/sitio\/wp-content\/uploads\/2022\/08\/IMG_20190702_094253832-2048x1536.jpg 2048w\" sizes=\"(max-width: 328px) 100vw, 328px\" \/>\u00a0 \u00a0 \u00a0 \u00a0 \u00a0 \u00a0 \u00a0 \u00a0 \u00a0 \u00a0 \u00a0 <img decoding=\"async\" loading=\"lazy\" class=\"alignnone  wp-image-1297\" src=\"https:\/\/campus.misericordiarosario.edu.ar\/sitio\/wp-content\/uploads\/2022\/08\/IMG_20190926_101242-1000x750.jpg\" alt=\"\" width=\"280\" height=\"210\" srcset=\"https:\/\/campus.misericordiarosario.edu.ar\/sitio\/wp-content\/uploads\/2022\/08\/IMG_20190926_101242-1000x750.jpg 1000w, https:\/\/campus.misericordiarosario.edu.ar\/sitio\/wp-content\/uploads\/2022\/08\/IMG_20190926_101242-1900x1425.jpg 1900w, https:\/\/campus.misericordiarosario.edu.ar\/sitio\/wp-content\/uploads\/2022\/08\/IMG_20190926_101242-768x576.jpg 768w, https:\/\/campus.misericordiarosario.edu.ar\/sitio\/wp-content\/uploads\/2022\/08\/IMG_20190926_101242-1536x1152.jpg 1536w, https:\/\/campus.misericordiarosario.edu.ar\/sitio\/wp-content\/uploads\/2022\/08\/IMG_20190926_101242-2048x1536.jpg 2048w\" sizes=\"(max-width: 280px) 100vw, 280px\" \/><img decoding=\"async\" loading=\"lazy\" class=\"alignnone  wp-image-1302\" src=\"https:\/\/campus.misericordiarosario.edu.ar\/sitio\/wp-content\/uploads\/2022\/08\/IMG-20220810-WA0015-1000x562.jpg\" alt=\"\" width=\"368\" height=\"207\" srcset=\"https:\/\/campus.misericordiarosario.edu.ar\/sitio\/wp-content\/uploads\/2022\/08\/IMG-20220810-WA0015-1000x562.jpg 1000w, https:\/\/campus.misericordiarosario.edu.ar\/sitio\/wp-content\/uploads\/2022\/08\/IMG-20220810-WA0015-768x432.jpg 768w, https:\/\/campus.misericordiarosario.edu.ar\/sitio\/wp-content\/uploads\/2022\/08\/IMG-20220810-WA0015-1536x864.jpg 1536w, https:\/\/campus.misericordiarosario.edu.ar\/sitio\/wp-content\/uploads\/2022\/08\/IMG-20220810-WA0015.jpg 1599w\" sizes=\"(max-width: 368px) 100vw, 368px\" \/><\/p>\n<p>\u00a0 Finalmente, la vida en la naturaleza y al aire libre significa experiencias de convivencia que favorezcan la cooperaci\u00f3n, la resoluci\u00f3n de situaciones distintas a las del aula, la solidaridad, el juego y la vivencia de valores.<\/p>\n<p>\u00a0 Nuestros objetivos son que el ni\u00f1o\/a logre&#8230;<\/p>\n<ul>\n<li>Disfrutar del contacto directo con el medio ambiente, desarrollando su capacidad perceptiva a trav\u00e9s del reconocimiento de la diversidad de elementos naturales.<\/li>\n<li>Desarrollar la conciencia ecol\u00f3gica, respetando\u00a0el medio natural.<\/li>\n<li>Vivenciar y valorar la creaci\u00f3n de Dios<\/li>\n<li>Disfrutar las actividades al aire libre con los otros.<\/li>\n<\/ul>\n<p><img decoding=\"async\" loading=\"lazy\" class=\"wp-image-1298 aligncenter\" src=\"https:\/\/campus.misericordiarosario.edu.ar\/sitio\/wp-content\/uploads\/2022\/08\/IMG_20190926_103758-1000x750.jpg\" alt=\"\" width=\"434\" height=\"325\" srcset=\"https:\/\/campus.misericordiarosario.edu.ar\/sitio\/wp-content\/uploads\/2022\/08\/IMG_20190926_103758-1000x750.jpg 1000w, https:\/\/campus.misericordiarosario.edu.ar\/sitio\/wp-content\/uploads\/2022\/08\/IMG_20190926_103758-1900x1425.jpg 1900w, https:\/\/campus.misericordiarosario.edu.ar\/sitio\/wp-content\/uploads\/2022\/08\/IMG_20190926_103758-768x576.jpg 768w, https:\/\/campus.misericordiarosario.edu.ar\/sitio\/wp-content\/uploads\/2022\/08\/IMG_20190926_103758-1536x1152.jpg 1536w, https:\/\/campus.misericordiarosario.edu.ar\/sitio\/wp-content\/uploads\/2022\/08\/IMG_20190926_103758-2048x1536.jpg 2048w\" sizes=\"(max-width: 434px) 100vw, 434px\" \/><\/p>\n<p>\u00a0<\/p>\n\n\n<p><\/p>\n\n\n\n<p><\/p>\n","protected":false},"excerpt":{"rendered":"<p>INICIAMOS EL CAMINO DE LA FE \u00a0 La infancia es un momento decisivo para la educaci\u00f3n y el crecimiento en la fe. A partir del Bautismo y con el acompa\u00f1amiento familiar y escolar, los ni\u00f1os y ni\u00f1as van incorpor\u00e1ndose a la vida de la Iglesia conociendo la Sagrada Familia, inici\u00e1ndose en el silencio y la &#8230; <a title=\"Propuestas de Nivel Inicial\" class=\"read-more\" href=\"https:\/\/campus.misericordiarosario.edu.ar\/sitio\/talleres-nivel-inicial\/\" aria-label=\"More on Propuestas de Nivel Inicial\">[+]<\/a><\/p>\n","protected":false},"author":1276,"featured_media":0,"parent":0,"menu_order":0,"comment_status":"closed","ping_status":"closed","template":"","meta":[],"acf":[],"_links":{"self":[{"href":"https:\/\/campus.misericordiarosario.edu.ar\/sitio\/wp-json\/wp\/v2\/pages\/886"}],"collection":[{"href":"https:\/\/campus.misericordiarosario.edu.ar\/sitio\/wp-json\/wp\/v2\/pages"}],"about":[{"href":"https:\/\/campus.misericordiarosario.edu.ar\/sitio\/wp-json\/wp\/v2\/types\/page"}],"author":[{"embeddable":true,"href":"https:\/\/campus.misericordiarosario.edu.ar\/sitio\/wp-json\/wp\/v2\/users\/1276"}],"replies":[{"embeddable":true,"href":"https:\/\/campus.misericordiarosario.edu.ar\/sitio\/wp-json\/wp\/v2\/comments?post=886"}],"version-history":[{"count":21,"href":"https:\/\/campus.misericordiarosario.edu.ar\/sitio\/wp-json\/wp\/v2\/pages\/886\/revisions"}],"predecessor-version":[{"id":1481,"href":"https:\/\/campus.misericordiarosario.edu.ar\/sitio\/wp-json\/wp\/v2\/pages\/886\/revisions\/1481"}],"wp:attachment":[{"href":"https:\/\/campus.misericordiarosario.edu.ar\/sitio\/wp-json\/wp\/v2\/media?parent=886"}],"curies":[{"name":"wp","href":"https:\/\/api.w.org\/{rel}","templated":true}]}}